{"id":8070,"date":"2018-09-25T09:55:34","date_gmt":"2018-09-25T07:55:34","guid":{"rendered":"https:\/\/www.waimea.dk\/business\/?page_id=8070"},"modified":"2019-05-06T13:05:35","modified_gmt":"2019-05-06T11:05:35","slug":"kurv","status":"publish","type":"page","link":"https:\/\/www.waimea.dk\/business\/kurv","title":{"rendered":"Kurv"},"content":{"rendered":"<div class=\"WBC-floater\">K\u00f8b Waimea Business online og f\u00e5 50% rabat p\u00e5 opstarten. <strong>Brug rabatkoden: WB18<\/strong><\/div>\n\n<pre class=\"brush: php; gutter: false\"><\/pre>\n","protected":false},"excerpt":{"rendered":"<p>K\u00f8b Waimea Business online og f\u00e5 50% rabat p\u00e5 opstarten. Brug rabatkoden: WB18<\/p>\n","protected":false},"author":10,"featured_media":0,"parent":0,"menu_order":0,"comment_status":"closed","ping_status":"closed","template":"","meta":{"_genesis_hide_title":false,"_genesis_hide_breadcrumbs":false,"_genesis_hide_singular_image":false,"_genesis_hide_footer_widgets":false,"_genesis_custom_body_class":"","_genesis_custom_post_class":"","_genesis_layout":"full-width-content"},"featured_image_src":null,"featured_image_src_square":null,"_links":{"self":[{"href":"https:\/\/www.waimea.dk\/business\/wp-json\/wp\/v2\/pages\/8070"}],"collection":[{"href":"https:\/\/www.waimea.dk\/business\/wp-json\/wp\/v2\/pages"}],"about":[{"href":"https:\/\/www.waimea.dk\/business\/wp-json\/wp\/v2\/types\/page"}],"author":[{"embeddable":true,"href":"https:\/\/www.waimea.dk\/business\/wp-json\/wp\/v2\/users\/10"}],"replies":[{"embeddable":true,"href":"https:\/\/www.waimea.dk\/business\/wp-json\/wp\/v2\/comments?post=8070"}],"version-history":[{"count":5,"href":"https:\/\/www.waimea.dk\/business\/wp-json\/wp\/v2\/pages\/8070\/revisions"}],"predecessor-version":[{"id":8554,"href":"https:\/\/www.waimea.dk\/business\/wp-json\/wp\/v2\/pages\/8070\/revisions\/8554"}],"wp:attachment":[{"href":"https:\/\/www.waimea.dk\/business\/wp-json\/wp\/v2\/media?parent=8070"}],"curies":[{"name":"wp","href":"https:\/\/api.w.org\/{rel}","templated":true}]}}