{"id":3229,"date":"2016-01-07T22:28:49","date_gmt":"2016-01-07T21:28:49","guid":{"rendered":"https:\/\/www.waimea.dk\/?page_id=3229"},"modified":"2020-01-06T14:17:29","modified_gmt":"2020-01-06T13:17:29","slug":"hjemmeside","status":"publish","type":"page","link":"https:\/\/www.waimea.dk\/business\/samlet-webloesning\/hjemmeside","title":{"rendered":"F\u00e5 en hurtig og mobilvenlig hjemmeside"},"content":{"rendered":"\n<div class=\"gca-column one-half first\"><h3><strong>En hurtig hjemmeside &#8211; hostet p\u00e5 Google Webserver<\/strong><\/h3>\n<p>Alle er glade for en hurtig&nbsp;hjemmeside. Mange orker ikke at bruge en hjemmeside, der er for langsom. Google bel\u00f8nner de hurtigste hjemmesider&nbsp;med bedre placeringer i s\u00f8geresultaterne. Det g\u00f8r forbrugerne ogs\u00e5.<\/p>\n<p>Med en Waimea Business hjemmeside&nbsp;er du altid sikker p\u00e5, at det k\u00f8rer lynende hurtigt. Vi har optimeret p\u00e5 alle de tekniske parametre der g\u00f8r, at en hjemmeside opleves&nbsp;som hurtigt af b\u00e5de almindelige mennesker og s\u00f8gemaskiner som Google.<\/p>\n<p><img loading=\"lazy\" class=\"alignnone wp-image-7125 size-full\" src=\"https:\/\/www.waimea.dk\/business\/wp-content\/uploads\/2016\/01\/new-gcp-logo.png\" alt=\"Google Cloud Hosting\" width=\"344\" height=\"44\" srcset=\"https:\/\/www.waimea.dk\/business\/wp-content\/uploads\/2016\/01\/new-gcp-logo.png 344w, https:\/\/www.waimea.dk\/business\/wp-content\/uploads\/2016\/01\/new-gcp-logo-300x38.png 300w\" sizes=\"(max-width: 344px) 100vw, 344px\" \/><\/p>\n<p>Som en af de vigtigste parametre har vi valgt at hoste alle Waimea Business hjemmesider i Googles datacenter p\u00e5 Googles Webservere. Bedre f\u00e5s det ikke. B\u00e5de i forhold til hastighed og sikkerhed.<\/p>\n<p>Alle Waimea Business hjemmesider&nbsp;backes dagligt op to forskellige steder, s\u00e5 selv hvis det v\u00e6rste uheld skulle v\u00e6re ude kan vi meget hurtigt genetablere din hjemmeside. Du kan endda f\u00e5 en backup kopieret til din egen DropBox konto dagligt, hvis du \u00f8nsker det.<\/p>\n<h3>Optimeret til mobile brugere<\/h3>\n<p><img loading=\"lazy\" class=\"alignright size-full wp-image-7128\" src=\"https:\/\/www.waimea.dk\/business\/wp-content\/uploads\/2016\/01\/hjemmeside-300x215.png\" alt=\"Hjemmeside RWD\" width=\"300\" height=\"215\" srcset=\"https:\/\/www.waimea.dk\/business\/wp-content\/uploads\/2016\/01\/hjemmeside-300x215.png 300w, https:\/\/www.waimea.dk\/business\/wp-content\/uploads\/2016\/01\/hjemmeside-300x215-84x60.png 84w\" sizes=\"(max-width: 300px) 100vw, 300px\" \/>Flere og flere g\u00e5r p\u00e5 Nettet via deres tablet eller mobiltelefon. Det er derfor meget vigtigt, at din hjemmeside ser godt ud og kan bruges ordentligt p\u00e5 alle enheder.<\/p>\n<p>Med en Waimea Business hjemmeside er du sikker p\u00e5, at alle f\u00e5r den samme gode oplevelse, uanset om de sidder derhjemme med en almindelig computer og en stor sk\u00e6rm, slapper af med en iPad eller er p\u00e5 farten med mobiltelefonen. Din hjemmeside vil se godt ud hos dem alle.<\/p><\/div><div class=\"gca-column one-half\"><h3>En hjemmeside programmeret p\u00e5 den rigtige m\u00e5de<\/h3>\n<p>Det er ikke ligegyldigt, hvordan din hjemmeside er programmeret. Det kan g\u00f8res p\u00e5 mange m\u00e5der, men langt fra dem alle er lige gode. D\u00e5rlig programmering kan b\u00e5de skade brugeroplevelsen, integrationen med sociale medier og muligheden for at ranke godt i Google.<\/p>\n<p><img loading=\"lazy\" class=\"alignright wp-image-7126 size-medium\" src=\"https:\/\/www.waimea.dk\/business\/wp-content\/uploads\/2016\/01\/Wordpress-logo-2-300x300.png\" alt=\"WordPress Logo\" width=\"300\" height=\"300\" srcset=\"https:\/\/www.waimea.dk\/business\/wp-content\/uploads\/2016\/01\/Wordpress-logo-2-300x300.png 300w, https:\/\/www.waimea.dk\/business\/wp-content\/uploads\/2016\/01\/Wordpress-logo-2-100x100.png 100w, https:\/\/www.waimea.dk\/business\/wp-content\/uploads\/2016\/01\/Wordpress-logo-2-150x150.png 150w, https:\/\/www.waimea.dk\/business\/wp-content\/uploads\/2016\/01\/Wordpress-logo-2-60x60.png 60w, https:\/\/www.waimea.dk\/business\/wp-content\/uploads\/2016\/01\/Wordpress-logo-2.png 500w\" sizes=\"(max-width: 300px) 100vw, 300px\" \/>Waimea Business hjemmesider&nbsp;er bygget p\u00e5 verdens mest udbredte Open Source Content Management System: WordPress. Faktisk har en nylig unders\u00f8gelse vist at over&nbsp;25% af alle Internettets mange millioner hjemesider er bygget p\u00e5 netop WordPress. S\u00e5 med Waimea Business tager du samme kloge valg som rigtig mange andre.<\/p>\n<p>Vi har udviklet og tilpasset en mase ting, s\u00e6rligt til Waimea Business, men den grundl\u00e6ggende &#8220;motor&#8221; er WordPress. Det er din sikkerhed for, at du f\u00e5r en st\u00e6rk og stabil publicerings-platform og g\u00f8r det meget lettere, hvis du p\u00e5 et tidspunkt, skulle f\u00e5 lyst til, at stoppe med at bruge Waimea Business.<\/p>\n<p>Alle Waimea Business hjemmesider har indbygget alle de n\u00f8dvendige koder, som s\u00f8gemaskiner og sociale medier skal bruge for at vise din hjemmeside p\u00e5 den bedst mulige m\u00e5de.<\/p>\n<div class=\"yellow-box\"><strong>Kontakt os i dag p\u00e5 70 22 80 82,<\/strong>&nbsp;skriv p\u00e5 <a href=\"mailto:info@waimea.dk\">info@waimea.dk<\/a>, eller brug formularen nedenfor, s\u00e5 tager vi en uforpligtende snak om dine \u00f8nsker.<\/div><\/div>\n<div class=\"gca-utility clearfix\"><\/div>\n<h3>Udfyld&nbsp;formularen &#8211; s\u00e5 kontakter vi dig<\/h3>\n\n                <div class='gf_browser_gecko gform_wrapper' id='gform_wrapper_9' ><div id='gf_9' class='gform_anchor' tabindex='-1'><\/div><form method='post' enctype='multipart\/form-data' target='gform_ajax_frame_9' id='gform_9'  action='\/business\/wp-json\/wp\/v2\/pages\/3229#gf_9'>\n                        <div class='gform_body'><ul id='gform_fields_9' class='gform_fields top_label form_sublabel_below description_below'><li id='field_9_8'  class='gfield gfield_contains_required field_sublabel_below field_description_below gfield_visibility_visible' ><label class='gfield_label' for='input_9_8' >Navn<span class='gfield_required'>*<\/span><\/label><div class='ginput_container ginput_container_text'><input name='input_8' id='input_9_8' type='text' value='' class='large'    placeholder='Navn' aria-required=\"true\" aria-invalid=\"false\" \/><\/div><\/li><li id='field_9_5'  class='gfield field_sublabel_below field_description_below gfield_visibility_visible' ><label class='gfield_label' for='input_9_5' >Firmanavn<\/label><div class='ginput_container ginput_container_text'><input name='input_5' id='input_9_5' type='text' value='' class='large'    placeholder='Firmanavn'  aria-invalid=\"false\" \/><\/div><\/li><li id='field_9_2'  class='gfield gf_left_half gfield_contains_required field_sublabel_below field_description_below gfield_visibility_visible' ><label class='gfield_label' for='input_9_2' >Email<span class='gfield_required'>*<\/span><\/label><div class='ginput_container ginput_container_email'>\n                            <input name='input_2' id='input_9_2' type='email' value='' class='medium'   placeholder='Email' aria-required=\"true\" aria-invalid=\"false\" \/>\n                        <\/div><\/li><li id='field_9_6'  class='gfield gf_right_half field_sublabel_below field_description_below gfield_visibility_visible' ><label class='gfield_label' for='input_9_6' >Telefon<\/label><div class='ginput_container ginput_container_text'><input name='input_6' id='input_9_6' type='text' value='' class='medium'    placeholder='Telefon'  aria-invalid=\"false\" \/><\/div><\/li><li id='field_9_4'  class='gfield field_sublabel_below field_description_below gfield_visibility_visible' ><label class='gfield_label' for='input_9_4' >Besked<\/label><div class='ginput_container ginput_container_textarea'><textarea name='input_4' id='input_9_4' class='textarea medium'    placeholder='Besked'  aria-invalid=\"false\"   rows='10' cols='50'><\/textarea><\/div><\/li><li id='field_9_9'  class='gfield gfield_contains_required field_sublabel_below field_description_below gfield_visibility_visible' ><label class='gfield_label'  ><span class='gfield_required'>*<\/span><\/label><div class='ginput_container ginput_container_checkbox'><ul class='gfield_checkbox' id='input_9_9'><li class='gchoice_9_9_1'>\n\t\t\t\t\t\t\t\t<input name='input_9.1' type='checkbox'  value='add_waimea_gdpr'  id='choice_9_9_1'   \/>\n\t\t\t\t\t\t\t\t<label for='choice_9_9_1' id='label_9_9_1'>add_waimea_gdpr<\/label>\n\t\t\t\t\t\t\t<\/li><\/ul><\/div><\/li><li id='field_9_10'  class='gfield gform_validation_container field_sublabel_below field_description_below gfield_visibility_visible' ><label class='gfield_label' for='input_9_10' >Phone<\/label><div class='ginput_container'><input name='input_10' id='input_9_10' type='text' value='' autocomplete='off'\/><\/div><div class='gfield_description' id='gfield_description_9_10'>Dette felt er til validering og b\u00f8r ikke \u00e6ndres.<\/div><\/li>\n                            <\/ul><\/div>\n        <div class='gform_footer top_label'> <input type='submit' id='gform_submit_button_9' class='gform_button button' value='Send besked'  onclick='if(window[\"gf_submitting_9\"]){return false;}  if( !jQuery(\"#gform_9\")[0].checkValidity || jQuery(\"#gform_9\")[0].checkValidity()){window[\"gf_submitting_9\"]=true;}  ' onkeypress='if( event.keyCode == 13 ){ if(window[\"gf_submitting_9\"]){return false;} if( !jQuery(\"#gform_9\")[0].checkValidity || jQuery(\"#gform_9\")[0].checkValidity()){window[\"gf_submitting_9\"]=true;}  jQuery(\"#gform_9\").trigger(\"submit\",[true]); }' \/> <input type='hidden' name='gform_ajax' value='form_id=9&amp;title=&amp;description=&amp;tabindex=0' \/>\n            <input type='hidden' class='gform_hidden' name='is_submit_9' value='1' \/>\n            <input type='hidden' class='gform_hidden' name='gform_submit' value='9' \/>\n            \n            <input type='hidden' class='gform_hidden' name='gform_unique_id' value='' \/>\n            <input type='hidden' class='gform_hidden' name='state_9' value='WyJbXSIsIjU1MmI2OWIwYWRhMDkxMmZlMmYzYTk1ZmUyNzA3NTM3Il0=' \/>\n            <input type='hidden' class='gform_hidden' name='gform_target_page_number_9' id='gform_target_page_number_9' value='0' \/>\n            <input type='hidden' class='gform_hidden' name='gform_source_page_number_9' id='gform_source_page_number_9' value='1' \/>\n            <input type='hidden' name='gform_field_values' value='' \/>\n            \n        <\/div>\n                        <\/form>\n                        <\/div>\n                <iframe style='display:none;width:0px;height:0px;' src='about:blank' name='gform_ajax_frame_9' id='gform_ajax_frame_9' title='Denne iframe indeholder logikken, der er kr\u00e6vet for at h\u00e5ndtere Gravity Formularer, der bruger Ajax.'><\/iframe>\n                <script type='text\/javascript'>document.addEventListener( \"DOMContentLoaded\", function() { jQuery(document).ready(function($){gformInitSpinner( 9, 'https:\/\/www.waimea.dk\/business\/wp-content\/plugins\/gravityforms\/images\/spinner.gif' );jQuery('#gform_ajax_frame_9').on('load',function(){var contents = jQuery(this).contents().find('*').html();var is_postback = contents.indexOf('GF_AJAX_POSTBACK') >= 0;if(!is_postback){return;}var form_content = jQuery(this).contents().find('#gform_wrapper_9');var is_confirmation = jQuery(this).contents().find('#gform_confirmation_wrapper_9').length > 0;var is_redirect = contents.indexOf('gformRedirect(){') >= 0;var is_form = form_content.length > 0 && ! is_redirect && ! is_confirmation;var mt = parseInt(jQuery('html').css('margin-top'), 10) + parseInt(jQuery('body').css('margin-top'), 10) + 100;if(is_form){jQuery('#gform_wrapper_9').html(form_content.html());if(form_content.hasClass('gform_validation_error')){jQuery('#gform_wrapper_9').addClass('gform_validation_error');} else {jQuery('#gform_wrapper_9').removeClass('gform_validation_error');}setTimeout( function() { \/* delay the scroll by 50 milliseconds to fix a bug in chrome *\/ jQuery(document).scrollTop(jQuery('#gform_wrapper_9').offset().top - mt); }, 50 );if(window['gformInitDatepicker']) {gformInitDatepicker();}if(window['gformInitPriceFields']) {gformInitPriceFields();}var current_page = jQuery('#gform_source_page_number_9').val();gformInitSpinner( 9, 'https:\/\/www.waimea.dk\/business\/wp-content\/plugins\/gravityforms\/images\/spinner.gif' );jQuery(document).trigger('gform_page_loaded', [9, current_page]);window['gf_submitting_9'] = false;}else if(!is_redirect){var confirmation_content = jQuery(this).contents().find('.GF_AJAX_POSTBACK').html();if(!confirmation_content){confirmation_content = contents;}setTimeout(function(){jQuery('#gform_wrapper_9').replaceWith(confirmation_content);jQuery(document).scrollTop(jQuery('#gf_9').offset().top - mt);jQuery(document).trigger('gform_confirmation_loaded', [9]);window['gf_submitting_9'] = false;}, 50);}else{jQuery('#gform_9').append(contents);if(window['gformRedirect']) {gformRedirect();}}jQuery(document).trigger('gform_post_render', [9, current_page]);} );} ); }, false );<\/script>\n","protected":false},"excerpt":{"rendered":"<p>Udfyld&nbsp;formularen &#8211; s\u00e5 kontakter vi dig<\/p>\n","protected":false},"author":2,"featured_media":0,"parent":3176,"menu_order":0,"comment_status":"closed","ping_status":"closed","template":"page_wb_landing.php","meta":{"_genesis_hide_title":false,"_genesis_hide_breadcrumbs":false,"_genesis_hide_singular_image":false,"_genesis_hide_footer_widgets":false,"_genesis_custom_body_class":"","_genesis_custom_post_class":"","_genesis_layout":""},"featured_image_src":null,"featured_image_src_square":null,"_links":{"self":[{"href":"https:\/\/www.waimea.dk\/business\/wp-json\/wp\/v2\/pages\/3229"}],"collection":[{"href":"https:\/\/www.waimea.dk\/business\/wp-json\/wp\/v2\/pages"}],"about":[{"href":"https:\/\/www.waimea.dk\/business\/wp-json\/wp\/v2\/types\/page"}],"author":[{"embeddable":true,"href":"https:\/\/www.waimea.dk\/business\/wp-json\/wp\/v2\/users\/2"}],"replies":[{"embeddable":true,"href":"https:\/\/www.waimea.dk\/business\/wp-json\/wp\/v2\/comments?post=3229"}],"version-history":[{"count":5,"href":"https:\/\/www.waimea.dk\/business\/wp-json\/wp\/v2\/pages\/3229\/revisions"}],"predecessor-version":[{"id":9567,"href":"https:\/\/www.waimea.dk\/business\/wp-json\/wp\/v2\/pages\/3229\/revisions\/9567"}],"up":[{"embeddable":true,"href":"https:\/\/www.waimea.dk\/business\/wp-json\/wp\/v2\/pages\/3176"}],"wp:attachment":[{"href":"https:\/\/www.waimea.dk\/business\/wp-json\/wp\/v2\/media?parent=3229"}],"curies":[{"name":"wp","href":"https:\/\/api.w.org\/{rel}","templated":true}]}}